{"id":242,"date":"2025-10-21T11:29:42","date_gmt":"2025-10-21T08:29:42","guid":{"rendered":"https:\/\/imposing.com.tr\/index.php\/ik2\/"},"modified":"2025-11-04T10:28:09","modified_gmt":"2025-11-04T07:28:09","slug":"ik2","status":"publish","type":"page","link":"https:\/\/imposing.com.tr\/index.php\/ik2\/","title":{"rendered":"\u0130nsan Kaynaklar\u0131"},"content":{"rendered":"<!--themify_builder_content-->\n<div id=\"themify_builder_content-242\" data-postid=\"242\" class=\"themify_builder_content themify_builder_content-242 themify_builder tf_clear\">\n                    <div  data-css_id=\"g5xs190\" data-lazy=\"1\" class=\"module_row themify_builder_row fullwidth tb_g5xs190 tb_first tf_w\">\n                        <div class=\"row_inner col_align_middle gutter-none tb_col_count_2 tf_box tf_rel\">\n                        <div  data-lazy=\"1\" class=\"module_column tb-column col3-2 tb_bhch190 first\">\n                    <!-- module text -->\n<div  class=\"module module-text tb_wyg3191   \" data-lazy=\"1\">\n        <div  class=\"tb_text_wrap\">\n        <h1>\u0130nsan Kaynaklar\u0131 Y\u00f6netimi<\/h1>    <\/div>\n<\/div>\n<!-- \/module text --><!-- module text -->\n<div  class=\"module module-text tb_gkoo276   \" data-lazy=\"1\">\n        <div  class=\"tb_text_wrap\">\n        <p>&#8220;iMPOSiNG \u0130nsan Kaynaklar\u0131 olarak, i\u015fletmenizin en de\u011ferli varl\u0131\u011f\u0131 olan insan sermayesini stratejik bir avantaja d\u00f6n\u00fc\u015ft\u00fcrmek i\u00e7in kapsaml\u0131 dan\u0131\u015fmanl\u0131k hizmetleri sunuyoruz. \u0130\u015fe al\u0131m s\u00fcre\u00e7lerinden ba\u015flayarak, adaylar\u0131 yaln\u0131zca deneyimlerine g\u00f6re de\u011fil, k\u00fcresel ileti\u015fim becerileri ve karakter \u00f6zelliklerine g\u00f6re de\u011ferlendiriyoruz. Yabanc\u0131 dil m\u00fclakatlar\u0131 ve k\u00fclt\u00fcrler aras\u0131 ileti\u015fim odakl\u0131 yakla\u015f\u0131m\u0131m\u0131zla, mavi ve beyaz yaka pozisyonlar i\u00e7in en uygun adaylar\u0131 se\u00e7iyoruz. Organizasyonel yap\u0131 analiziyle \u015firketinizin mevcut dinamiklerini inceliyor, yetenek y\u00f6netimi stratejileri geli\u015ftiriyoruz. Vardiya planlamas\u0131, i\u015f g\u00fcc\u00fc y\u00f6netimi, performans de\u011ferlendirme sistemleri, e\u011fitim ve geli\u015fim programlar\u0131, i\u015f sa\u011fl\u0131\u011f\u0131 ve g\u00fcvenli\u011fi entegrasyonu ile \u00e7al\u0131\u015fan ba\u011fl\u0131l\u0131\u011f\u0131 projelerini entegre bir \u015fekilde y\u00f6netiyoruz.\u00a0<\/p>    <\/div>\n<\/div>\n<!-- \/module text -->        <\/div>\n                    <div  data-lazy=\"1\" class=\"module_column tb-column col3-1 tb_l1v1191 last\">\n                    <!-- module image -->\n<div  class=\"module module-image tb_gmb0191 image-top   auto_fullwidth tf_mw\" data-lazy=\"1\">\n        <div class=\"image-wrap tf_rel tf_mw\">\n            <img loading=\"lazy\" decoding=\"async\" src=\"https:\/\/imposing.com.tr\/wp-content\/uploads\/2025\/10\/1000_F_1585280901_HgiSgBUxwIXMmKzSmkrXJWZmYTuUzbCa-1-646x446.jpg\" width=\"646\" height=\"446\" class=\"wp-post-image wp-image-593\" title=\"1000_F_1585280901_HgiSgBUxwIXMmKzSmkrXJWZmYTuUzbCa\" alt=\"1000_F_1585280901_HgiSgBUxwIXMmKzSmkrXJWZmYTuUzbCa\" srcset=\"https:\/\/imposing.com.tr\/wp-content\/uploads\/2025\/10\/1000_F_1585280901_HgiSgBUxwIXMmKzSmkrXJWZmYTuUzbCa-1-646x446.jpg 646w, https:\/\/imposing.com.tr\/wp-content\/uploads\/2025\/10\/1000_F_1585280901_HgiSgBUxwIXMmKzSmkrXJWZmYTuUzbCa-1-300x207.jpg 300w, https:\/\/imposing.com.tr\/wp-content\/uploads\/2025\/10\/1000_F_1585280901_HgiSgBUxwIXMmKzSmkrXJWZmYTuUzbCa-1-768x531.jpg 768w, https:\/\/imposing.com.tr\/wp-content\/uploads\/2025\/10\/1000_F_1585280901_HgiSgBUxwIXMmKzSmkrXJWZmYTuUzbCa-1-360x250.jpg 360w, https:\/\/imposing.com.tr\/wp-content\/uploads\/2025\/10\/1000_F_1585280901_HgiSgBUxwIXMmKzSmkrXJWZmYTuUzbCa-1.jpg 965w\" sizes=\"auto, (max-width: 646px) 100vw, 646px\" \/>    \n        <\/div>\n    <!-- \/image-wrap -->\n    \n        <\/div>\n<!-- \/module image -->        <\/div>\n                        <\/div>\n        <\/div>\n                        <div  data-css_id=\"w5xo745\" data-lazy=\"1\" class=\"module_row themify_builder_row fullwidth tb_w5xo745 tf_w\">\n                        <div class=\"row_inner col_align_top tb_col_count_2 tf_box tf_rel\">\n                        <div  data-lazy=\"1\" class=\"module_column tb-column col3-1 tb_f4cc747 first\">\n                            <\/div>\n                    <div  data-lazy=\"1\" class=\"module_column tb-column col3-2 tb_v65b761 last\">\n                            <div  data-lazy=\"1\" class=\"module_subrow themify_builder_sub_row tf_w col_align_middle tb_col_count_3 tb_qq05931\">\n                <div  data-lazy=\"1\" class=\"module_column sub_column col4-1 tb_tcxa933 first\">\n                    <!-- module image -->\n<div  class=\"module module-image tb_79oy43 image-center   tf_mw\" data-lazy=\"1\">\n        <div class=\"image-wrap tf_rel tf_mw\">\n            <img loading=\"lazy\" decoding=\"async\" src=\"https:\/\/imposing.com.tr\/wp-content\/uploads\/2025\/10\/paper-icon-183x143.png\" width=\"183\" height=\"143\" class=\"wp-post-image wp-image-248\" title=\"paper-icon\" alt=\"paper-icon\">    \n        <\/div>\n    <!-- \/image-wrap -->\n    \n        <\/div>\n<!-- \/module image -->        <\/div>\n                    <div  data-lazy=\"1\" class=\"module_column sub_column col4-2 tb_zfd5933\">\n                    <!-- module text -->\n<div  class=\"module module-text tb_4bbq778   \" data-lazy=\"1\">\n        <div  class=\"tb_text_wrap\">\n        <h3>Yeni bir i\u015fmi<\/h3>\n<p>O zaman bize cv b\u0131rak.<\/p>    <\/div>\n<\/div>\n<!-- \/module text -->        <\/div>\n                    <div  data-lazy=\"1\" class=\"module_column sub_column col4-1 tb_f1xr934 last\">\n                    <!-- module buttons -->\n<div  class=\"module module-buttons tb_kh7z227 buttons-horizontal solid  xlarge circle\" data-lazy=\"1\">\n        <div class=\"module-buttons-item tf_in_flx\">\n                        <a href=\"https:\/\/imposing.com.tr\/index.php\/cv1\/\" class=\"ui builder_button tf_in_flx yellow\" >\n                                                CV G\u00d6NDER                                        <\/a>\n                <\/div>\n            <\/div>\n<!-- \/module buttons -->\n        <\/div>\n                    <\/div>\n                <\/div>\n                        <\/div>\n        <\/div>\n                        <div  data-css_id=\"j605698\" data-lazy=\"1\" class=\"module_row themify_builder_row fullwidth tb_j605698 tf_w\">\n                        <div class=\"row_inner col_align_middle gutter-none tb_col_count_2 tf_box tf_rel\">\n                        <div  data-lazy=\"1\" class=\"module_column tb-column col4-2 tb_nhmf699 first\">\n                    <!-- module image -->\n<div  class=\"module module-image tb_q9zz859 image-right   tf_mw\" data-lazy=\"1\">\n        <div class=\"image-wrap tf_rel tf_mw\">\n            <img loading=\"lazy\" decoding=\"async\" src=\"https:\/\/imposing.com.tr\/wp-content\/uploads\/2025\/10\/55b31e793671a64e750124a8d13f12df-576x1024-640x686.jpg\" width=\"640\" height=\"686\" class=\"wp-post-image wp-image-196\" title=\"55b31e793671a64e750124a8d13f12df\" alt=\"55b31e793671a64e750124a8d13f12df\">    \n        <\/div>\n    <!-- \/image-wrap -->\n    \n        <\/div>\n<!-- \/module image -->        <\/div>\n                    <div  data-lazy=\"1\" class=\"module_column tb-column col4-2 tb_5eg4361 last\">\n                    <!-- module divider -->\n<div  class=\"module tf_mw module-divider tb_0lfo107 solid  divider-custom divider-left\" style=\"border-width: 2px;border-color: #63afab;margin-bottom: 30px;max-width: 60px;\" data-lazy=\"1\">\n    <\/div>\n<!-- \/module divider -->\n<!-- module text -->\n<div  class=\"module module-text tb_mmxm929   \" data-lazy=\"1\">\n        <div  class=\"tb_text_wrap\">\n        <h2>Sizin \u0130\u00e7in Size \u00d6zel \u00c7\u00f6z\u00fcmler<\/h2>    <\/div>\n<\/div>\n<!-- \/module text --><!-- module text -->\n<div  class=\"module module-text tb_gh4z446   \" data-lazy=\"1\">\n        <div  class=\"tb_text_wrap\">\n        <p>\u00dcretim, turizm, g\u0131da gibi sekt\u00f6rlere \u00f6zel \u00e7\u00f6z\u00fcmlerle, her kurumun benzersiz ihtiya\u00e7lar\u0131na uyarlanm\u0131\u015f yakla\u015f\u0131mlar sunuyoruz. Kan\u0131tlanm\u0131\u015f sonu\u00e7lar g\u00f6steriyor ki, profesyonel \u0130K y\u00f6netimiyle \u015firketler %25 daha y\u00fcksek \u00fcretkenlik elde ediyor ve turnover oranlar\u0131n\u0131 \u00f6nemli \u00f6l\u00e7\u00fcde azalt\u0131yor. \u00d6rne\u011fin, bir \u00fcretim firmam\u0131zda uygulad\u0131\u011f\u0131m\u0131z yetenek y\u00f6netimi stratejisiyle \u00e7al\u0131\u015fan ba\u011fl\u0131l\u0131\u011f\u0131 %40 artm\u0131\u015f, bu da y\u0131ll\u0131k ciroda %15&#8217;lik bir y\u00fckseli\u015fe yol a\u00e7m\u0131\u015ft\u0131r. Bu sayede, insan kaynaklar\u0131n\u0131 destek birimden \u00e7\u0131kar\u0131p stratejik ba\u015far\u0131 orta\u011f\u0131na d\u00f6n\u00fc\u015ft\u00fcr\u00fcyor, \u015firketinizin uzun vadeli hedeflerine ula\u015fmas\u0131n\u0131 sa\u011fl\u0131yoruz. Gelece\u011fi insanla \u015fekillendiriyoruz: Do\u011fru aday, do\u011fru dil, do\u011fru f\u0131rsat. Siz de bu ba\u015far\u0131ya ortak olun \u2013 bug\u00fcn bize ula\u015f\u0131n ve fark\u0131 deneyimleyin!&#8221;<\/p>    <\/div>\n<\/div>\n<!-- \/module text -->        <\/div>\n                        <\/div>\n        <\/div>\n                        <div  data-css_id=\"bm1r396\" data-lazy=\"1\" class=\"module_row themify_builder_row fullwidth tb_bm1r396 tf_w\">\n                        <div class=\"row_inner col_align_top tb_col_count_2 tf_box tf_rel\">\n                        <div  data-lazy=\"1\" class=\"module_column tb-column col3-1 tb_mg3z396 first\">\n                            <\/div>\n                    <div  data-lazy=\"1\" class=\"module_column tb-column col3-2 tb_6mxp396 last\">\n                            <div  data-lazy=\"1\" class=\"module_subrow themify_builder_sub_row tf_w col_align_middle tb_col_count_3 tb_jilj396\">\n                <div  data-lazy=\"1\" class=\"module_column sub_column col4-1 tb_0bar396 first\">\n                    <!-- module image -->\n<div  class=\"module module-image tb_6q2g396 image-center   tf_mw\" data-lazy=\"1\">\n        <div class=\"image-wrap tf_rel tf_mw\">\n            <img loading=\"lazy\" decoding=\"async\" src=\"https:\/\/imposing.com.tr\/wp-content\/uploads\/2025\/10\/paper-icon-183x143.png\" width=\"183\" height=\"143\" class=\"wp-post-image wp-image-248\" title=\"paper-icon\" alt=\"paper-icon\">    \n        <\/div>\n    <!-- \/image-wrap -->\n    \n        <\/div>\n<!-- \/module image -->        <\/div>\n                    <div  data-lazy=\"1\" class=\"module_column sub_column col4-2 tb_d0u1396\">\n                    <!-- module text -->\n<div  class=\"module module-text tb_chap396   \" data-lazy=\"1\">\n        <div  class=\"tb_text_wrap\">\n        <h3>Yeni bir Personelmi<\/h3>\n<p>Arad\u0131\u011f\u0131n eleman\u0131 yaz biz bulal\u0131m<\/p>    <\/div>\n<\/div>\n<!-- \/module text -->        <\/div>\n                    <div  data-lazy=\"1\" class=\"module_column sub_column col4-1 tb_qm60396 last\">\n                    <!-- module buttons -->\n<div  class=\"module module-buttons tb_h3j9396 buttons-horizontal solid  xlarge circle\" data-lazy=\"1\">\n        <div class=\"module-buttons-item tf_in_flx\">\n                        <a href=\"https:\/\/imposing.com.tr\/index.php\/sayfailet\/\" class=\"ui builder_button tf_in_flx yellow\" >\n                                                \u0130leti\u015fime Ge\u00e7                                        <\/a>\n                <\/div>\n            <\/div>\n<!-- \/module buttons -->\n        <\/div>\n                    <\/div>\n                <\/div>\n                        <\/div>\n        <\/div>\n        <\/div>\n<!--\/themify_builder_content-->","protected":false},"excerpt":{"rendered":"<p>\u0130nsan Kaynaklar\u0131 Y\u00f6netimi &#8220;iMPOSiNG \u0130nsan Kaynaklar\u0131 olarak, i\u015fletmenizin en de\u011ferli varl\u0131\u011f\u0131 olan insan sermayesini stratejik bir avantaja d\u00f6n\u00fc\u015ft\u00fcrmek i\u00e7in kapsaml\u0131 dan\u0131\u015fmanl\u0131k hizmetleri sunuyoruz. \u0130\u015fe al\u0131m s\u00fcre\u00e7lerinden ba\u015flayarak, adaylar\u0131 yaln\u0131zca deneyimlerine g\u00f6re de\u011fil, k\u00fcresel ileti\u015fim becerileri ve karakter \u00f6zelliklerine g\u00f6re de\u011ferlendiriyoruz. Yabanc\u0131 dil m\u00fclakatlar\u0131 ve k\u00fclt\u00fcrler aras\u0131 ileti\u015fim odakl\u0131 yakla\u015f\u0131m\u0131m\u0131zla, mavi &hellip; <\/p>\n","protected":false},"author":1,"featured_media":0,"parent":0,"menu_order":0,"comment_status":"closed","ping_status":"closed","template":"template-home.php","meta":{"footnotes":""},"class_list":["post-242","page","type-page","status-publish","hentry"],"builder_content":"<h1>\u0130nsan Kaynaklar\u0131 Y\u00f6netimi<\/h1>\n<p>\"iMPOSiNG \u0130nsan Kaynaklar\u0131 olarak, i\u015fletmenizin en de\u011ferli varl\u0131\u011f\u0131 olan insan sermayesini stratejik bir avantaja d\u00f6n\u00fc\u015ft\u00fcrmek i\u00e7in kapsaml\u0131 dan\u0131\u015fmanl\u0131k hizmetleri sunuyoruz. \u0130\u015fe al\u0131m s\u00fcre\u00e7lerinden ba\u015flayarak, adaylar\u0131 yaln\u0131zca deneyimlerine g\u00f6re de\u011fil, k\u00fcresel ileti\u015fim becerileri ve karakter \u00f6zelliklerine g\u00f6re de\u011ferlendiriyoruz. Yabanc\u0131 dil m\u00fclakatlar\u0131 ve k\u00fclt\u00fcrler aras\u0131 ileti\u015fim odakl\u0131 yakla\u015f\u0131m\u0131m\u0131zla, mavi ve beyaz yaka pozisyonlar i\u00e7in en uygun adaylar\u0131 se\u00e7iyoruz. Organizasyonel yap\u0131 analiziyle \u015firketinizin mevcut dinamiklerini inceliyor, yetenek y\u00f6netimi stratejileri geli\u015ftiriyoruz. Vardiya planlamas\u0131, i\u015f g\u00fcc\u00fc y\u00f6netimi, performans de\u011ferlendirme sistemleri, e\u011fitim ve geli\u015fim programlar\u0131, i\u015f sa\u011fl\u0131\u011f\u0131 ve g\u00fcvenli\u011fi entegrasyonu ile \u00e7al\u0131\u015fan ba\u011fl\u0131l\u0131\u011f\u0131 projelerini entegre bir \u015fekilde y\u00f6netiyoruz.\u00a0<\/p>\n<img src=\"https:\/\/imposing.com.tr\/wp-content\/uploads\/2025\/10\/1000_F_1585280901_HgiSgBUxwIXMmKzSmkrXJWZmYTuUzbCa-1-646x446.jpg\" width=\"646\" height=\"446\" title=\"1000_F_1585280901_HgiSgBUxwIXMmKzSmkrXJWZmYTuUzbCa\" alt=\"1000_F_1585280901_HgiSgBUxwIXMmKzSmkrXJWZmYTuUzbCa\" srcset=\"https:\/\/imposing.com.tr\/wp-content\/uploads\/2025\/10\/1000_F_1585280901_HgiSgBUxwIXMmKzSmkrXJWZmYTuUzbCa-1-646x446.jpg 646w, https:\/\/imposing.com.tr\/wp-content\/uploads\/2025\/10\/1000_F_1585280901_HgiSgBUxwIXMmKzSmkrXJWZmYTuUzbCa-1-300x207.jpg 300w, https:\/\/imposing.com.tr\/wp-content\/uploads\/2025\/10\/1000_F_1585280901_HgiSgBUxwIXMmKzSmkrXJWZmYTuUzbCa-1-768x531.jpg 768w, https:\/\/imposing.com.tr\/wp-content\/uploads\/2025\/10\/1000_F_1585280901_HgiSgBUxwIXMmKzSmkrXJWZmYTuUzbCa-1-360x250.jpg 360w, https:\/\/imposing.com.tr\/wp-content\/uploads\/2025\/10\/1000_F_1585280901_HgiSgBUxwIXMmKzSmkrXJWZmYTuUzbCa-1.jpg 965w\" sizes=\"(max-width: 646px) 100vw, 646px\" \/>\n<img src=\"https:\/\/imposing.com.tr\/wp-content\/uploads\/2025\/10\/paper-icon-183x143.png\" width=\"183\" height=\"143\" title=\"paper-icon\" alt=\"paper-icon\">\n<h3>Yeni bir i\u015fmi<\/h3> <p>O zaman bize cv b\u0131rak.<\/p>\n<a href=\"https:\/\/imposing.com.tr\/index.php\/cv1\/\" > CV G\u00d6NDER <\/a>\n<img src=\"https:\/\/imposing.com.tr\/wp-content\/uploads\/2025\/10\/55b31e793671a64e750124a8d13f12df-576x1024-640x686.jpg\" width=\"640\" height=\"686\" title=\"55b31e793671a64e750124a8d13f12df\" alt=\"55b31e793671a64e750124a8d13f12df\">\n\n<h2>Sizin \u0130\u00e7in Size \u00d6zel \u00c7\u00f6z\u00fcmler<\/h2>\n<p>\u00dcretim, turizm, g\u0131da gibi sekt\u00f6rlere \u00f6zel \u00e7\u00f6z\u00fcmlerle, her kurumun benzersiz ihtiya\u00e7lar\u0131na uyarlanm\u0131\u015f yakla\u015f\u0131mlar sunuyoruz. Kan\u0131tlanm\u0131\u015f sonu\u00e7lar g\u00f6steriyor ki, profesyonel \u0130K y\u00f6netimiyle \u015firketler %25 daha y\u00fcksek \u00fcretkenlik elde ediyor ve turnover oranlar\u0131n\u0131 \u00f6nemli \u00f6l\u00e7\u00fcde azalt\u0131yor. \u00d6rne\u011fin, bir \u00fcretim firmam\u0131zda uygulad\u0131\u011f\u0131m\u0131z yetenek y\u00f6netimi stratejisiyle \u00e7al\u0131\u015fan ba\u011fl\u0131l\u0131\u011f\u0131 %40 artm\u0131\u015f, bu da y\u0131ll\u0131k ciroda %15'lik bir y\u00fckseli\u015fe yol a\u00e7m\u0131\u015ft\u0131r. Bu sayede, insan kaynaklar\u0131n\u0131 destek birimden \u00e7\u0131kar\u0131p stratejik ba\u015far\u0131 orta\u011f\u0131na d\u00f6n\u00fc\u015ft\u00fcr\u00fcyor, \u015firketinizin uzun vadeli hedeflerine ula\u015fmas\u0131n\u0131 sa\u011fl\u0131yoruz. Gelece\u011fi insanla \u015fekillendiriyoruz: Do\u011fru aday, do\u011fru dil, do\u011fru f\u0131rsat. Siz de bu ba\u015far\u0131ya ortak olun \u2013 bug\u00fcn bize ula\u015f\u0131n ve fark\u0131 deneyimleyin!\"<\/p>\n<img src=\"https:\/\/imposing.com.tr\/wp-content\/uploads\/2025\/10\/paper-icon-183x143.png\" width=\"183\" height=\"143\" title=\"paper-icon\" alt=\"paper-icon\">\n<h3>Yeni bir Personelmi<\/h3> <p>Arad\u0131\u011f\u0131n eleman\u0131 yaz biz bulal\u0131m<\/p>\n<a href=\"https:\/\/imposing.com.tr\/index.php\/sayfailet\/\" > \u0130leti\u015fime Ge\u00e7 <\/a>","_links":{"self":[{"href":"https:\/\/imposing.com.tr\/index.php\/wp-json\/wp\/v2\/pages\/242","targetHints":{"allow":["GET"]}}],"collection":[{"href":"https:\/\/imposing.com.tr\/index.php\/wp-json\/wp\/v2\/pages"}],"about":[{"href":"https:\/\/imposing.com.tr\/index.php\/wp-json\/wp\/v2\/types\/page"}],"author":[{"embeddable":true,"href":"https:\/\/imposing.com.tr\/index.php\/wp-json\/wp\/v2\/users\/1"}],"replies":[{"embeddable":true,"href":"https:\/\/imposing.com.tr\/index.php\/wp-json\/wp\/v2\/comments?post=242"}],"version-history":[{"count":31,"href":"https:\/\/imposing.com.tr\/index.php\/wp-json\/wp\/v2\/pages\/242\/revisions"}],"predecessor-version":[{"id":696,"href":"https:\/\/imposing.com.tr\/index.php\/wp-json\/wp\/v2\/pages\/242\/revisions\/696"}],"wp:attachment":[{"href":"https:\/\/imposing.com.tr\/index.php\/wp-json\/wp\/v2\/media?parent=242"}],"curies":[{"name":"wp","href":"https:\/\/api.w.org\/{rel}","templated":true}]}}