{"id":372,"date":"2025-10-24T10:59:34","date_gmt":"2025-10-24T07:59:34","guid":{"rendered":"https:\/\/imposing.com.tr\/index.php\/izin-copy\/"},"modified":"2025-11-01T01:04:00","modified_gmt":"2025-10-31T22:04:00","slug":"operasyonel","status":"publish","type":"page","link":"https:\/\/imposing.com.tr\/index.php\/operasyonel\/","title":{"rendered":"operasyonel"},"content":{"rendered":"<!--themify_builder_content-->\n<div id=\"themify_builder_content-372\" data-postid=\"372\" class=\"themify_builder_content themify_builder_content-372 themify_builder tf_clear\">\n                    <div  data-css_id=\"pxhr777\" data-lazy=\"1\" class=\"module_row themify_builder_row fullwidth tb_pxhr777 tb_first tf_w\">\n                        <div class=\"row_inner col_align_middle gutter-none tb_col_count_2 tf_box tf_rel\">\n                        <div  data-lazy=\"1\" class=\"module_column tb-column col3-2 tb_ez3o907 first\">\n                    <!-- module text -->\n<div  class=\"module module-text tb_0mat086   \" data-lazy=\"1\">\n        <div  class=\"tb_text_wrap\">\n        <h1>Operasyonel Hizmetler<\/h1>    <\/div>\n<\/div>\n<!-- \/module text --><!-- module text -->\n<div  class=\"module module-text tb_axgk900   \" data-lazy=\"1\">\n        <div  class=\"tb_text_wrap\">\n        <p>&#8220;Operasyonel s\u00fcre\u00e7lerinizi g\u00fc\u00e7lendirmek ve verimlili\u011fi maksimize etmek i\u00e7in \u00fcretim deste\u011fi ile depo operasyon hizmetlerimizle yan\u0131n\u0131zday\u0131z. \u00dcretim sekt\u00f6r\u00fcnde faaliyet g\u00f6steren firmalara, personel temini, s\u00fcre\u00e7 optimizasyonu, maliyet d\u00fc\u015f\u00fcrme ve kalite iyile\u015ftirme \u00e7\u00f6z\u00fcmleri sunuyoruz. Sanayi ve \u00fcretim alanlar\u0131nda sahadaki insan g\u00fcc\u00fcn\u00fc do\u011fru zamanda konumland\u0131rarak, operasyonun kalbini g\u00fc\u00e7lendiriyoruz. Depo operasyonlar\u0131nda ise \u00fcr\u00fcn giri\u015fi, depolanmas\u0131, ayr\u0131\u015ft\u0131r\u0131lmas\u0131 ve sevkiyat\u0131na kadar t\u00fcm s\u00fcre\u00e7leri y\u00f6netiyoruz; lojistik zincirinin kritik par\u00e7alar\u0131n\u0131 verimli hale getiriyoruz.\u00a0<\/p>\n<p>T\u00fcrkiye genelinde markalar\u0131n ihtiya\u00e7lar\u0131na g\u00f6re uyarlanm\u0131\u015f hizmetlerimizle, g\u00fcnl\u00fck faaliyetleri kesintisiz ve etkin k\u0131l\u0131yoruz. McKinsey ara\u015ft\u0131rmas\u0131na g\u00f6re, operasyonel iyile\u015ftirmeler %25 daha y\u00fcksek \u00fcretkenlik ve %20 daha d\u00fc\u015f\u00fck i\u015fletme maliyeti sa\u011fl\u0131yor. Bir depo m\u00fc\u015fterimizde uygulad\u0131\u011f\u0131m\u0131z optimizasyonla, sevkiyat h\u0131z\u0131 %40 artm\u0131\u015f ve maliyetler %15 d\u00fc\u015fm\u00fc\u015ft\u00fcr. Bu hizmetler, organizasyonunuzun \u00fcretim verimlili\u011fini art\u0131r\u0131rken, tedarik zinciri y\u00f6netimini optimize ediyor. Operasyonun kalbi sahadaki insan g\u00fcc\u00fcd\u00fcr: Biz bu g\u00fcc\u00fc do\u011fru yerde konumland\u0131r\u0131yor, maliyetleri d\u00fc\u015f\u00fcr\u00fcp kaliteyi y\u00fckseltiyoruz. Rekabet avantaj\u0131n\u0131z\u0131 art\u0131r\u0131n \u2013 hizmetlerimizle tan\u0131\u015f\u0131n!&#8221;<\/p>    <\/div>\n<\/div>\n<!-- \/module text -->        <\/div>\n                    <div  data-lazy=\"1\" class=\"module_column tb-column col3-1 tb_ik08775 last\">\n                    <!-- module image -->\n<div  class=\"module module-image tb_ub41075 image-top   auto_fullwidth tf_mw\" data-lazy=\"1\">\n        <div class=\"image-wrap tf_rel tf_mw\">\n            <img loading=\"lazy\" decoding=\"async\" src=\"https:\/\/imposing.com.tr\/wp-content\/uploads\/2025\/10\/WhatsApp-Image-2025-10-20-at-11.04.33-6-646x646.jpeg\" width=\"646\" height=\"646\" class=\"wp-post-image wp-image-365\" title=\"WhatsApp Image 2025-10-20 at 11.04.33 (6)\" alt=\"WhatsApp Image 2025-10-20 at 11.04.33 (6)\" srcset=\"https:\/\/imposing.com.tr\/wp-content\/uploads\/2025\/10\/WhatsApp-Image-2025-10-20-at-11.04.33-6-646x646.jpeg 646w, https:\/\/imposing.com.tr\/wp-content\/uploads\/2025\/10\/WhatsApp-Image-2025-10-20-at-11.04.33-6-300x300.jpeg 300w, https:\/\/imposing.com.tr\/wp-content\/uploads\/2025\/10\/WhatsApp-Image-2025-10-20-at-11.04.33-6-150x150.jpeg 150w, https:\/\/imposing.com.tr\/wp-content\/uploads\/2025\/10\/WhatsApp-Image-2025-10-20-at-11.04.33-6-768x768.jpeg 768w, https:\/\/imposing.com.tr\/wp-content\/uploads\/2025\/10\/WhatsApp-Image-2025-10-20-at-11.04.33-6-83x83.jpeg 83w, https:\/\/imposing.com.tr\/wp-content\/uploads\/2025\/10\/WhatsApp-Image-2025-10-20-at-11.04.33-6-59x59.jpeg 59w, https:\/\/imposing.com.tr\/wp-content\/uploads\/2025\/10\/WhatsApp-Image-2025-10-20-at-11.04.33-6-60x60.jpeg 60w, https:\/\/imposing.com.tr\/wp-content\/uploads\/2025\/10\/WhatsApp-Image-2025-10-20-at-11.04.33-6.jpeg 1024w\" sizes=\"auto, (max-width: 646px) 100vw, 646px\" \/>    \n        <\/div>\n    <!-- \/image-wrap -->\n    \n        <\/div>\n<!-- \/module image -->        <\/div>\n                        <\/div>\n        <\/div>\n                        <div  data-lazy=\"1\" class=\"module_row themify_builder_row tb_fouc149 tf_w\">\n                        <div class=\"row_inner col_align_top tb_col_count_1 tf_box tf_rel\">\n                        <div  data-lazy=\"1\" class=\"module_column tb-column col-full tb_t8x9149 first\">\n                    <!-- module plain text -->\n<div  class=\"module module-plain-text tb_thb3200 \" data-lazy=\"1\">\n        <div class=\"tb_text_wrap\">\n    Neden \u0130mposing    <\/div>\n<\/div>\n<!-- \/module plain text -->        <\/div>\n                        <\/div>\n        <\/div>\n                        <div  data-css_id=\"918h73\" data-lazy=\"1\" class=\"module_row themify_builder_row fullwidth tb_918h73 tf_w\">\n                        <div class=\"row_inner col_align_top tb_col_count_3 tf_box tf_rel\">\n                        <div  data-lazy=\"1\" class=\"module_column tb-column col3-1 tb_japx73 first\">\n                    <!-- module feature -->\n<div  class=\"module module-feature tb_1l8b73 with-chart layout-icon-left size-small \" data-layout-mobile=\"icon-top\" data-layout-desktop=\"icon-left\" data-lazy=\"1\">\n        <div class=\"module-feature-image tf_textc tf_rel\">\n                            <span class=\"module-feature-chart-html5 tf_box tf_rel tf_inline_b\">\n                                    <svg class=\"tf_abs tf_w tf_h\">\n                    <circle class=\"tb_feature_fill\" r=\"calc(50% - 1.00px)\" cx=\"50%\" cy=\"50%\" stroke-width=\"2\"\/>\n                    <circle class=\"tb_feature_stroke\" r=\"calc(50% - 1.00px)\" cx=\"50%\" cy=\"50%\" stroke=\"#40a7db\" stroke-width=\"2\" data-progress=\"100\" stroke-dasharray=\"0,10000\"\/>\n                                        <\/svg>\n                                <span class=\"chart-html5-circle tf_w tf_h\">\n                                            <em class=\"module-feature-icon tf_rel\" style=\"color:#40a7db\"><svg  class=\"tf_fa tf-far-circle-up\" aria-hidden=\"true\"><use href=\"#tf-far-circle-up\"><\/use><\/svg><\/em>\n                                    <\/span>\n\n                \n            <\/span>\n                <\/div>\n    <div class=\"module-feature-content tf_textc\">\n                    <h3 class=\"module-feature-title\">\n                            \u00dcretkenli\u011fi Artar                        <\/h3>\n                    <div class=\"tb_text_wrap\">\n            <p>Yap\u0131lan iyile\u015ftirmeler sayesinde i\u015fletmenizin % 20 oran\u0131nda \u00fcretimi artar<\/p>        <\/div>\n    <\/div>\n<\/div>\n<!-- \/module feature -->\n        <\/div>\n                    <div  data-lazy=\"1\" class=\"module_column tb-column col3-1 tb_tuht73\">\n                    <!-- module feature -->\n<div  class=\"module module-feature tb_7vla73 with-chart layout-icon-left size-small \" data-layout-mobile=\"icon-top\" data-layout-desktop=\"icon-left\" data-lazy=\"1\">\n        <div class=\"module-feature-image tf_textc tf_rel\">\n                            <span class=\"module-feature-chart-html5 tf_box tf_rel tf_inline_b\">\n                                    <svg class=\"tf_abs tf_w tf_h\">\n                    <circle class=\"tb_feature_fill\" r=\"calc(50% - 1.00px)\" cx=\"50%\" cy=\"50%\" stroke-width=\"2\"\/>\n                    <circle class=\"tb_feature_stroke\" r=\"calc(50% - 1.00px)\" cx=\"50%\" cy=\"50%\" stroke=\"#40a7db\" stroke-width=\"2\" data-progress=\"100\" stroke-dasharray=\"0,10000\"\/>\n                                        <\/svg>\n                                <span class=\"chart-html5-circle tf_w tf_h\">\n                                            <em class=\"module-feature-icon tf_rel\" style=\"color:#40a7db\"><svg  class=\"tf_fa tf-far-credit-card\" aria-hidden=\"true\"><use href=\"#tf-far-credit-card\"><\/use><\/svg><\/em>\n                                    <\/span>\n\n                \n            <\/span>\n                <\/div>\n    <div class=\"module-feature-content tf_textc\">\n                    <h3 class=\"module-feature-title\">\n                            Maliyet Azalt\u0131m\u0131                        <\/h3>\n                    <div class=\"tb_text_wrap\">\n            <p>Bizimle \u00e7al\u0131\u015fan firmalarda ortalama %15 maliyet d\u00fc\u015fmektedir.<\/p>        <\/div>\n    <\/div>\n<\/div>\n<!-- \/module feature -->\n        <\/div>\n                    <div  data-lazy=\"1\" class=\"module_column tb-column col3-1 tb_1h9u73 last\">\n                    <!-- module feature -->\n<div  class=\"module module-feature tb_m9r173 with-chart layout-icon-left size-small \" data-layout-mobile=\"icon-top\" data-layout-desktop=\"icon-left\" data-lazy=\"1\">\n        <div class=\"module-feature-image tf_textc tf_rel\">\n                            <span class=\"module-feature-chart-html5 tf_box tf_rel tf_inline_b\">\n                                    <svg class=\"tf_abs tf_w tf_h\">\n                    <circle class=\"tb_feature_fill\" r=\"calc(50% - 1.00px)\" cx=\"50%\" cy=\"50%\" stroke-width=\"2\"\/>\n                    <circle class=\"tb_feature_stroke\" r=\"calc(50% - 1.00px)\" cx=\"50%\" cy=\"50%\" stroke=\"#40a7db\" stroke-width=\"2\" data-progress=\"100\" stroke-dasharray=\"0,10000\"\/>\n                                        <\/svg>\n                                <span class=\"chart-html5-circle tf_w tf_h\">\n                                            <em class=\"module-feature-icon tf_rel\" style=\"color:#40a7db\"><svg  class=\"tf_fa tf-fas-gem\" aria-hidden=\"true\"><use href=\"#tf-fas-gem\"><\/use><\/svg><\/em>\n                                    <\/span>\n\n                \n            <\/span>\n                <\/div>\n    <div class=\"module-feature-content tf_textc\">\n                    <h3 class=\"module-feature-title\">\n                            Kaliteli Art\u0131m\u0131                        <\/h3>\n                    <div class=\"tb_text_wrap\">\n            <p>Ayn\u0131 i\u015fi ayn\u0131 personellerle daha kaliteli sonu\u00e7<\/p>        <\/div>\n    <\/div>\n<\/div>\n<!-- \/module feature -->\n        <\/div>\n                        <\/div>\n        <\/div>\n        <\/div>\n<!--\/themify_builder_content-->","protected":false},"excerpt":{"rendered":"<p>Operasyonel Hizmetler &#8220;Operasyonel s\u00fcre\u00e7lerinizi g\u00fc\u00e7lendirmek ve verimlili\u011fi maksimize etmek i\u00e7in \u00fcretim deste\u011fi ile depo operasyon hizmetlerimizle yan\u0131n\u0131zday\u0131z. \u00dcretim sekt\u00f6r\u00fcnde faaliyet g\u00f6steren firmalara, personel temini, s\u00fcre\u00e7 optimizasyonu, maliyet d\u00fc\u015f\u00fcrme ve kalite iyile\u015ftirme \u00e7\u00f6z\u00fcmleri sunuyoruz. Sanayi ve \u00fcretim alanlar\u0131nda sahadaki insan g\u00fcc\u00fcn\u00fc do\u011fru zamanda konumland\u0131rarak, operasyonun kalbini g\u00fc\u00e7lendiriyoruz. Depo operasyonlar\u0131nda ise \u00fcr\u00fcn &hellip; <\/p>\n","protected":false},"author":1,"featured_media":0,"parent":0,"menu_order":0,"comment_status":"closed","ping_status":"closed","template":"template-home.php","meta":{"footnotes":""},"class_list":["post-372","page","type-page","status-publish","hentry"],"builder_content":"<h1>Operasyonel Hizmetler<\/h1>\n<p>\"Operasyonel s\u00fcre\u00e7lerinizi g\u00fc\u00e7lendirmek ve verimlili\u011fi maksimize etmek i\u00e7in \u00fcretim deste\u011fi ile depo operasyon hizmetlerimizle yan\u0131n\u0131zday\u0131z. \u00dcretim sekt\u00f6r\u00fcnde faaliyet g\u00f6steren firmalara, personel temini, s\u00fcre\u00e7 optimizasyonu, maliyet d\u00fc\u015f\u00fcrme ve kalite iyile\u015ftirme \u00e7\u00f6z\u00fcmleri sunuyoruz. Sanayi ve \u00fcretim alanlar\u0131nda sahadaki insan g\u00fcc\u00fcn\u00fc do\u011fru zamanda konumland\u0131rarak, operasyonun kalbini g\u00fc\u00e7lendiriyoruz. Depo operasyonlar\u0131nda ise \u00fcr\u00fcn giri\u015fi, depolanmas\u0131, ayr\u0131\u015ft\u0131r\u0131lmas\u0131 ve sevkiyat\u0131na kadar t\u00fcm s\u00fcre\u00e7leri y\u00f6netiyoruz; lojistik zincirinin kritik par\u00e7alar\u0131n\u0131 verimli hale getiriyoruz.\u00a0<\/p> <p>T\u00fcrkiye genelinde markalar\u0131n ihtiya\u00e7lar\u0131na g\u00f6re uyarlanm\u0131\u015f hizmetlerimizle, g\u00fcnl\u00fck faaliyetleri kesintisiz ve etkin k\u0131l\u0131yoruz. McKinsey ara\u015ft\u0131rmas\u0131na g\u00f6re, operasyonel iyile\u015ftirmeler %25 daha y\u00fcksek \u00fcretkenlik ve %20 daha d\u00fc\u015f\u00fck i\u015fletme maliyeti sa\u011fl\u0131yor. Bir depo m\u00fc\u015fterimizde uygulad\u0131\u011f\u0131m\u0131z optimizasyonla, sevkiyat h\u0131z\u0131 %40 artm\u0131\u015f ve maliyetler %15 d\u00fc\u015fm\u00fc\u015ft\u00fcr. Bu hizmetler, organizasyonunuzun \u00fcretim verimlili\u011fini art\u0131r\u0131rken, tedarik zinciri y\u00f6netimini optimize ediyor. Operasyonun kalbi sahadaki insan g\u00fcc\u00fcd\u00fcr: Biz bu g\u00fcc\u00fc do\u011fru yerde konumland\u0131r\u0131yor, maliyetleri d\u00fc\u015f\u00fcr\u00fcp kaliteyi y\u00fckseltiyoruz. Rekabet avantaj\u0131n\u0131z\u0131 art\u0131r\u0131n \u2013 hizmetlerimizle tan\u0131\u015f\u0131n!\"<\/p>\n<img src=\"https:\/\/imposing.com.tr\/wp-content\/uploads\/2025\/10\/WhatsApp-Image-2025-10-20-at-11.04.33-6-646x646.jpeg\" width=\"646\" height=\"646\" title=\"WhatsApp Image 2025-10-20 at 11.04.33 (6)\" alt=\"WhatsApp Image 2025-10-20 at 11.04.33 (6)\" srcset=\"https:\/\/imposing.com.tr\/wp-content\/uploads\/2025\/10\/WhatsApp-Image-2025-10-20-at-11.04.33-6-646x646.jpeg 646w, https:\/\/imposing.com.tr\/wp-content\/uploads\/2025\/10\/WhatsApp-Image-2025-10-20-at-11.04.33-6-300x300.jpeg 300w, https:\/\/imposing.com.tr\/wp-content\/uploads\/2025\/10\/WhatsApp-Image-2025-10-20-at-11.04.33-6-150x150.jpeg 150w, https:\/\/imposing.com.tr\/wp-content\/uploads\/2025\/10\/WhatsApp-Image-2025-10-20-at-11.04.33-6-768x768.jpeg 768w, https:\/\/imposing.com.tr\/wp-content\/uploads\/2025\/10\/WhatsApp-Image-2025-10-20-at-11.04.33-6-83x83.jpeg 83w, https:\/\/imposing.com.tr\/wp-content\/uploads\/2025\/10\/WhatsApp-Image-2025-10-20-at-11.04.33-6-59x59.jpeg 59w, https:\/\/imposing.com.tr\/wp-content\/uploads\/2025\/10\/WhatsApp-Image-2025-10-20-at-11.04.33-6-60x60.jpeg 60w, https:\/\/imposing.com.tr\/wp-content\/uploads\/2025\/10\/WhatsApp-Image-2025-10-20-at-11.04.33-6.jpeg 1024w\" sizes=\"(max-width: 646px) 100vw, 646px\" \/>\nNeden \u0130mposing\n<svg> <circle r=\"calc(50% - 1.00px)\" cx=\"50%\" cy=\"50%\" stroke-width=\"2\"\/> <circle r=\"calc(50% - 1.00px)\" cx=\"50%\" cy=\"50%\" stroke=\"#40a7db\" stroke-width=\"2\" data-progress=\"100\" stroke-dasharray=\"0,10000\"\/> <\/svg> <em style=\"color:#40a7db\"><svg aria-hidden=\"true\"><use href=\"#tf-far-circle-up\"><\/use><\/svg><\/em> \n <h3> \u00dcretkenli\u011fi Artar <\/h3> <p>Yap\u0131lan iyile\u015ftirmeler sayesinde i\u015fletmenizin % 20 oran\u0131nda \u00fcretimi artar<\/p>\n<svg> <circle r=\"calc(50% - 1.00px)\" cx=\"50%\" cy=\"50%\" stroke-width=\"2\"\/> <circle r=\"calc(50% - 1.00px)\" cx=\"50%\" cy=\"50%\" stroke=\"#40a7db\" stroke-width=\"2\" data-progress=\"100\" stroke-dasharray=\"0,10000\"\/> <\/svg> <em style=\"color:#40a7db\"><svg aria-hidden=\"true\"><use href=\"#tf-far-credit-card\"><\/use><\/svg><\/em> \n <h3> Maliyet Azalt\u0131m\u0131 <\/h3> <p>Bizimle \u00e7al\u0131\u015fan firmalarda ortalama %15 maliyet d\u00fc\u015fmektedir.<\/p>\n<svg> <circle r=\"calc(50% - 1.00px)\" cx=\"50%\" cy=\"50%\" stroke-width=\"2\"\/> <circle r=\"calc(50% - 1.00px)\" cx=\"50%\" cy=\"50%\" stroke=\"#40a7db\" stroke-width=\"2\" data-progress=\"100\" stroke-dasharray=\"0,10000\"\/> <\/svg> <em style=\"color:#40a7db\"><svg aria-hidden=\"true\"><use href=\"#tf-fas-gem\"><\/use><\/svg><\/em> \n <h3> Kaliteli Art\u0131m\u0131 <\/h3> <p>Ayn\u0131 i\u015fi ayn\u0131 personellerle daha kaliteli sonu\u00e7<\/p>","_links":{"self":[{"href":"https:\/\/imposing.com.tr\/index.php\/wp-json\/wp\/v2\/pages\/372","targetHints":{"allow":["GET"]}}],"collection":[{"href":"https:\/\/imposing.com.tr\/index.php\/wp-json\/wp\/v2\/pages"}],"about":[{"href":"https:\/\/imposing.com.tr\/index.php\/wp-json\/wp\/v2\/types\/page"}],"author":[{"embeddable":true,"href":"https:\/\/imposing.com.tr\/index.php\/wp-json\/wp\/v2\/users\/1"}],"replies":[{"embeddable":true,"href":"https:\/\/imposing.com.tr\/index.php\/wp-json\/wp\/v2\/comments?post=372"}],"version-history":[{"count":13,"href":"https:\/\/imposing.com.tr\/index.php\/wp-json\/wp\/v2\/pages\/372\/revisions"}],"predecessor-version":[{"id":656,"href":"https:\/\/imposing.com.tr\/index.php\/wp-json\/wp\/v2\/pages\/372\/revisions\/656"}],"wp:attachment":[{"href":"https:\/\/imposing.com.tr\/index.php\/wp-json\/wp\/v2\/media?parent=372"}],"curies":[{"name":"wp","href":"https:\/\/api.w.org\/{rel}","templated":true}]}}